ime factors of z.
47
Let l = -629 - -904. Suppose 3*v - l = -2*d, -2*d = -d + 2*v - 139. What are the prime factors of d?
7, 19
Suppose -6*d + 3*d - 192 = 0. List the prime factors of 24/(-16)*(-2 + d).
3, 11
Let j(z) = z**2 - 4. Let d(i) = -3*i**3 + 2*i**2 + i. Let x be d(-1). Suppose -x*c - 12 = -6*c. What are the prime factors of j(c)?
2
Suppose -4*s = -5*m, 3*m = -0*m + 4*s. List the prime factors of (m + 1 - 1) + 51.
3, 17
Suppose 0 = -4*c + 11 + 5. Let u(n) = 9*n + 2 - 7*n**2 - c*n**2 + 10*n**2. List the prime factors of u(9).
2
Let c = -524 - 530. Let v be c/16 - (-4)/(-32). Let s = v + 126. List the prime factors of s.
2, 3, 5
Let o(v) = -91*v - 102. List the prime factors of o(-6).
2, 3, 37
Suppose 0 = 6*w - 10*w + 20, 20 = -g + 4*w. Suppose 0 = 5*j + q - 1611, -5*j + q + q + 1623 = g. List the prime factors of j.
17, 19
Suppose 2*b - b + 19 = x, -b = 5*x - 77. What are the prime factors of 4396/x - (3/4 + 0)?
2, 137
Suppose -119 = -5*o - 34. Let v = o - 16. Suppose -5*n + i = -54, -2*i = -v - 1. What are the prime factors of n?
11
Suppose -t + 4 = -0*t. What are the prime factors of 10 - (t + -4 - 2)?
2, 3
Let g be (4/12*0)/(-2). Suppose -y + 1 = -4, g = 5*h - 5*y - 225. Suppose 0 = 2*o + 3*o - h. What are the prime factors of o?
2, 5
Suppose y + 0*y - w = 7, 4*y - 3*w - 26 = 0. Let x be ((-4)/y)/((-42)/2415). What are the prime factors of x/(-69) - 50/(-3)?
2
Let i(s) = -s**3 + 10*s**2 + s - 10. Let w be i(10). Suppose 2*k - 202 = -2*k - 5*d, w = -4*k - d + 210. List the prime factors of k.
53
Suppose -4*x - 7 = -g - 4, 3*g = -x + 22. Suppose 2*c - g = -3. List the prime factors of c.
2
Let k = 856 + 2679. What are the prime factors of k?
5, 7, 101
Let w = -22 + 58. Let x = w + -30. List the prime factors of x.
2, 3
Suppose -432 = 5*n - 7*n. Suppose d = l + 28 + 52, 3*l = -5*d - n. Let x = -46 - l. What are the prime factors of x?
31
Let g be 5/2*(-26)/(-13). Suppose -g*j + a = -j - 353, 351 = 4*j + a. What are the prime factors of j?
2, 11
What are the prime factors of 2/(4/2)*(2 - -364)?
2, 3, 61
Suppose -5*k = 4*f - 2116, 3*k - 11*f = -6*f + 1240. List the prime factors of k.
2, 3, 5, 7
Suppose 4*p - 4*b - 80 = 0, -2*b = b - 3. Suppose z = -4*s - 4*z + p, -s + 5 = z. What are the prime factors of (-78)/(-2) + (6 - s)?
41
Let n = 38 - 25. Let g(x) = x**3 - 14*x**2 + 17*x - 8. Let b be g(n). Let u = b + 2. What are the prime factors of u?
2, 23
Let l = 695 + -162. Let x = l - 294. What are the prime factors of x?
239
Let v = 12 - 8. Suppose -d + 4 = d + v*p, 13 = 3*d - p. Suppose 15 = t + d*t. List the prime factors of t.
3
What are the prime factors of 3795*(64/(-336) - 18/(-21))?
2, 5, 11, 23
Suppose 21 + 19 = 8*i. Suppose 6 = i*u - 304. What are the prime factors of u?
2, 31
What are the prime factors of 405/(15/14 + 63/147)?
2, 3, 5
Let t be 6/(-2 - -3 - 2). Let k = 8 + t. Suppose 7*l = -k*a + 2*l - 7, l = 3*a - 32. What are the prime factors of a?
3
Suppose 2*p + 51 - 13 = 0. List the prime factors of p/133 - 358/(-7).
3, 17
Let b(r) = 42*r + 17. Let m be b(-4). Let l = m - -296. What are the prime factors of l?
5, 29
Let j be 10/(-35) + (-86)/(-7). Let l(h) = -11*h**2 + 9*h + 16. Let c be l(j). What are the prime factors of c/(-50) + (-2)/10?
29
Let x be 15/6*(-40)/(-25). List the prime factors of (-5)/(-10) - (-50)/x.
13
Let d = 1193 - 758. What are the prime factors of d?
3, 5, 29
Let r(u) = -u**3 + 5*u**2 + 8*u - 2. Let k be (-33)/(-6) - (-1)/2. Let w be r(k). Let f = 1 + w. What are the prime factors of f?
11
Let w = 8 + -7. Let n(f) = -2*f**2 + 6*f**3 - 7*f**3 - f + 2*f**3 + w. What are the prime factors of n(4)?
29
Let t(b) = 3*b**2 - 18*b - 61. List the prime factors of t(17).
2, 5
Let x(o) = -130*o - 289. List the prime factors of x(-15).
11, 151
What are the prime factors of ((-3693)/9)/(3/(-9))?
1231
Let a = -13 - -196. What are the prime factors of a?
3, 61
Let f = 1290 + -718. List the prime factors of f.
2, 11, 13
Suppose 0 = -3*z + 4*f + 163, 0*f + 179 = 3*z + 4*f. Let d(s) = 5*s**3 - 1. Let v be d(2). Let t = z - v. List the prime factors of t.
2, 3
Let z(b) be the second derivative of b**5/20 + b**4/6 + 2*b**3/3 + 7*b. Let t(l) be the second derivative of z(l). List the prime factors of t(2).
2
What are the prime factors of 7/(-35) - 13072/(-10)?
1307
Let s(k) = -7*k**2 - 77*k + 11. List the prime factors of s(-8).
179
Let i(p) = 3*p + 17. Let q(h) = 3*h + 16. Let y(f) = 3*i(f) - 4*q(f). Let a = 8 - 20. What are the prime factors of y(a)?
23
Let s be (5 - 1) + 0 + -13. Let y be 204*(-2 - 21/s). What are the prime factors of 3/(-2)*y/(-6)?
17
Let y = 3 - 11. Let z be 4 - 1 - (y - 1). List the prime factors of (6/z)/((-1)/(-44)).
2, 11
Let y = -16 - -25. Let o be -3*(-15)/y - 2. Suppose 1 = -4*g - o, -3*q = -5*g - 71. List the prime factors of q.
2, 11
Let r(p) = -p**3 + 10*p**2 + 12*p + 32. Let s be r(11). Let m be (4/5)/(4/10). Suppose -4*o + s + 26 = t, m*t + 96 = 5*o. What are the prime factors of o?
2, 3
Suppose -5*w + 145 = 20. Suppose -3*z = 5*l - w, -2*z = -2*l + 3*z - 21. What are the prime factors of 19 - l - -4 - -1?
2, 11
Let m(g) = 3*g + 12. Let x(v) = -1. Let l(n) = -m(n) - 4*x(n). List the prime factors of l(-8).
2
Suppose -2*y = y - 366. Let q = y - 45. List the prime factors of q.
7, 11
Suppose 0 = -5*c - 0*c + 1035. Suppose -4*a + c - 27 = 0. List the prime factors of a.
3, 5
Let q(z) = 3*z**3 + 3*z**2 - 4*z + 3. List the prime factors of q(3).
3, 11
Suppose -8 = -4*s, 3*t + 38 + 41 = 2*s. Suppose -9 = 3*p, 3*d - p = -2*p - 48. Let q = d - t. What are the prime factors of q?
2, 5
Suppose 2 = -5*z - 18. Let k(y) = -2*y**3 - 4*y**2 - 4*y. What are the prime factors of k(z)?
2, 5
Suppose -t - 2*b = t - 180, -t = -2*b - 87. What are the prime factors of t?
89
Let o(h) = 3*h**2 + 24*h - 48. List the prime factors of o(-21).
3, 257
Let a = -2957 - -4363. List the prime factors of a.
2, 19, 37
Let m = 14 + -11. List the prime factors of ((-17)/1)/(-1) + m.
2, 5
Let o(n) = 2 + 6*n**3 + 5*n**3 + n - 2 - 1. What are the prime factors of o(1)?
11
Suppose 3*t - 118 = 5*t - d, 4*t + 5*d + 264 = 0. Let r = 18 - t. What are the prime factors of r?
79
Suppose -4*m + 7*m = 0. Suppose 2*g = v - m*v + 2, 0 = 3*v - 5*g + 1. Suppose -17 = -t - v. What are the prime factors of t?
3
Suppose 5*p + 21 = 4*u, -3*p = -4*p - 1. Suppose -g + 94 = o + u*o, -2*g - o + 143 = 0. What are the prime factors of g?
3, 23
Let c(l) = -8*l + 13. Suppose 2*j + 64 = -0*j. Let s(r) = 52*r - 84. Let a(q) = j*c(q) - 5*s(q). What are the prime factors of a(-6)?
2, 7
Let d be (-2)/(-6) - (-141)/9. Suppose -4*l = -8 - d. Let s = l + 7. List the prime factors of s.
13
Let n = -10 + 12. Suppose n*v + 3*o - 1 = 0, v - 5*o - 11 = -2*v. Let r(w) = 5*w**3 + 4*w**2 - 3*w + 1. List the prime factors of r(v).
3, 17
Let s(y) = y - 6. Let v be s(6). Suppose -5*r - 3*x + x = -35, -2*x = v. Let d(k) = k**3 - 7*k**2 + 3*k + 5. List the prime factors of d(r).
2, 13
Let p be (((-2)/3)/(-1))/(4/1506). Suppose 2*j - 6*c + c - 159 = 0, -p = -3*j - 5*c. What are the prime factors of j?
2, 41
Let g(u) = -u**2 + 15*u + 20. Let i be g(16). What are the prime factors of ((-1)/i)/((-7)/6412)?
229
Suppose 4*s + 3*a = 772, 2*s + a - 87 = 301. Suppose -36*z = -32*z - s. What are the prime factors of z?
7
Let b(d) = -d**2 - 24*d - 40. Let i be b(-20). Suppose 4*m = -m + 30. What are the prime factors of m/(4/i*3)?
2, 5
Let n(z) = -222*z - 201. List the prime factors of n(-8).
3, 5, 7
Let v(x) = x**2 + 5*x + 5. Let y be v(-5). Suppose -6 = -t - 5, 20 = 3*d + y*t. List the prime factors of d.
5
Let q(z) = -4 - 15*z + 1 + 2*z**2 - 3*z**2 - 5. List the prime factors of q(-9).
2, 23
What are the prime factors of ((-490)/15)/7*-21?
2, 7
Let y(m) be the third derivative of -m**6/120 - 7*m**5/60 - m**4/24 + 17*m**3/6 + m**2. List the prime factors of y(-7).
2, 3
List the prime factors of (1 + 42/(-15))*170160/(-72).
2, 3, 709
Suppose 0 = 4*l + 3*o - 3664, 2*l - 3*o = -602 + 2434. What are the prime factors of l?
2, 229
Let v = 284 - 105. Suppose -537 = 2*a + v. List the prime factors of a/(-14) + 6/14.
2, 13
Let g(y) = -100*y + 122. What are the prime factors of g(-7)?
2, 3, 137
Suppose 3 - 28 = 5*w, 0 = i - 2*w - 30. List the prime factors of ((1236/i)/(-3))/((-1)/5).
103